{"id":51,"date":"2023-10-07T19:45:38","date_gmt":"2023-10-07T19:45:38","guid":{"rendered":"https:\/\/oglasi.infooglasi.rs\/oglasi\/oglasialeksandrovac\/?page_id=51"},"modified":"2024-12-15T13:13:45","modified_gmt":"2024-12-15T12:13:45","slug":"postavite-oglas-aleksinac","status":"publish","type":"page","link":"https:\/\/oglasi.infooglasi.rs\/oglasi\/oglasialeksinac\/postavite-oglas-aleksinac\/","title":{"rendered":"POSTAVITE OGLAS &#8211; ALEKSINAC"},"content":{"rendered":"\n\n<!-- User Submitted Posts @ https:\/\/m0n.co\/usp -->\n\n<div id=\"user-submitted-posts\">\n\t\t\n\t<form id=\"usp_form\" method=\"post\" enctype=\"multipart\/form-data\" action=\"\">\n\t\t<div id=\"usp-error-message\" class=\"usp-callout-failure usp-hidden\">Please complete the required fields.<\/div>\n\t\t\t\t\n\t\t<fieldset class=\"usp-name\">\n\t\t\t<label for=\"user-submitted-name\">IME<\/label>\n\t\t\t<input id=\"user-submitted-name\" name=\"user-submitted-name\" type=\"text\" value=\"\" placeholder=\"Upi\u0161ite svoje ime\" data-required=\"true\" required class=\"usp-input\">\n\t\t<\/fieldset>\n\t\t\t\t\n\t\t<fieldset class=\"usp-email\">\n\t\t\t<label for=\"user-submitted-email\">MEJL<\/label>\n\t\t\t<input id=\"user-submitted-email\" name=\"user-submitted-email\" type=\"email\" data-parsley-type=\"email\" value=\"\" placeholder=\"Upi\u0161ite va\u0161 mejl\" data-required=\"true\" required class=\"usp-input\">\n\t\t<\/fieldset>\n\t\t\t\t\n\t\t<fieldset class=\"usp-title\">\n\t\t\t<label for=\"user-submitted-title\">NASLOV OGLASA<\/label>\n\t\t\t<input id=\"user-submitted-title\" name=\"user-submitted-title\" type=\"text\" value=\"\" placeholder=\"Upi\u0161ite naslov va\u0161eg oglasa\" data-required=\"true\" required class=\"usp-input\">\n\t\t<\/fieldset>\n\t\t\t\t\t\t\n\t\t<fieldset class=\"usp-tags\">\n\t\t\t<label for=\"user-submitted-tags\">KLJU\u010cNE RE\u010cI<\/label>\n\t\t\t<input id=\"user-submitted-tags\" name=\"user-submitted-tags\" type=\"text\" value=\"\" placeholder=\"Napi\u0161ite nekoliko klju\u010dnih re\u010di odvojenih zarezima\" data-required=\"true\" required class=\"usp-input\">\n\t\t<\/fieldset>\n\t\t\t\t\t\t\n\t\t<fieldset class=\"usp-captcha\">\n\t\t\t<label for=\"user-submitted-captcha\">(antispam pitanje) 9+12=<\/label>\n\t\t\t<input id=\"user-submitted-captcha\" name=\"user-submitted-captcha\" type=\"text\" value=\"\" placeholder=\"Brojevima upi\u0161ite ta\u010dan odgovor\" data-required=\"true\" required class=\"usp-input user-submitted-captcha\" data-parsley-excluded=\"true\">\n\t\t<\/fieldset>\n\t\t\t\t\n\t\t<fieldset class=\"usp-category\">\n\t\t\t<label for=\"user-submitted-category\">KATEGORIJA OGLASA<\/label>\n\t\t\t<select id=\"user-submitted-category\" data-required=\"true\" required class=\"usp-select\" name=\"user-submitted-category[]\">\n\t\t\t\t<option value=\"\" selected=\"true\" disabled>Izaberite kategoriju za va\u0161 oglas..<\/option>\n\t\t\t\t<option value=\"33\">ALATI I OPREMA<\/option><option value=\"34\">BELA TEHNIKA<\/option><option value=\"10\">DE\u010cIJA ODE\u0106A<\/option><option value=\"28\">DVORI\u0160TE I BA\u0160TA<\/option><option value=\"31\">ELEKTRONIKA<\/option><option value=\"30\">GRA\u0110EVINA<\/option><option value=\"29\">IGRA\u010cKE<\/option><option value=\"2\">IZDAVANJE NEKRETNINA<\/option><option value=\"35\">KNJIGE<\/option><option value=\"24\">KU\u0106NI APARATI<\/option><option value=\"25\">KU\u0106NI LJUBIMCI<\/option><option value=\"26\">MAJKA I DETE<\/option><option value=\"27\">MA\u0160INE<\/option><option value=\"23\">MODNI DETALJI<\/option><option value=\"8\">MU\u0160KA ODE\u0106A<\/option><option value=\"22\">MUZI\u010cKI INSTRUMENTI<\/option><option value=\"21\">NAKIT I SATOVI<\/option><option value=\"20\">NAME\u0160TAJ<\/option><option value=\"32\">OBU\u0106A<\/option><option value=\"19\">ODMOR I TURIZAM<\/option><option value=\"37\">OSTALO<\/option><option value=\"18\">POLJOPRIVREDA<\/option><option value=\"5\">POSAO<\/option><option value=\"7\">POZNANSTVA<\/option><option value=\"3\">PRODAJA NEKRETNINA<\/option><option value=\"17\">PROSLAVE I SLAVLJA<\/option><option value=\"16\">RA\u010cUNARI I KANCELARIJA<\/option><option value=\"36\">RU\u010cNI RADOVI<\/option><option value=\"15\">SPORT I REKREACIJA<\/option><option value=\"14\">SVETLA I OSVETLJENJE<\/option><option value=\"11\">TELEFONI I OPREMA<\/option><option value=\"6\">USLUGE<\/option><option value=\"4\">VOZILA<\/option><option value=\"12\">ZA AUTOMOBILE I MOTOCIKLE<\/option><option value=\"13\">ZDRAVLJE I LEPOTA<\/option><option value=\"9\">\u017dENSKA ODE\u0106A<\/option>\t\t\t<\/select>\n\t\t<\/fieldset>\n\t\t\t\t\n\t\t<fieldset class=\"usp-content\">\n\t\t\t\t\t\t\t\n\t\t\t<label for=\"user-submitted-content\">TEKST OGLASA I KONTAKT<\/label>\n\t\t\t<textarea id=\"user-submitted-content\" name=\"user-submitted-content\" rows=\"5\" placeholder=\"Upi\u0161ite tekst va\u0161eg oglasa i ne zaboravite da upi\u0161ete kontakt kako bi zaiteresovani mogli da vam se obrate.\" data-required=\"true\" required class=\"usp-textarea\"><\/textarea>\n\t\t\t\t\t\t\n\t\t<\/fieldset>\n\t\t\t\t\t\t\n\t\t<fieldset class=\"usp-images\">\n\t\t\t<label for=\"user-submitted-image\">U\u010cITAJTE SLIKE - MIN. 1. a MAX. 5 SLIKA<\/label>\n\t\t\t<div id=\"usp-upload-message\"><\/div>\n\t\t\t<div id=\"user-submitted-image\">\n\t\t\t\t\t\t\t\t\t\t\t\t\t\n\t\t\t\t<input name=\"user-submitted-image[]\" type=\"file\" size=\"25\" data-required=\"true\" required class=\"usp-input usp-clone\" accept=\"image\/*\">\n\t\t\t\t\t\t\t\t<a href=\"#\" id=\"usp_add-another\" class=\"usp-no-js\">Dodajte jo\u0161 jednu sliku<\/a>\t\t\t\t\t\t\t\n\t\t\t<\/div>\n\t\t\t<input type=\"hidden\" class=\"usp-hidden\" id=\"usp-min-images\" name=\"usp-min-images\" value=\"1\">\n\t\t\t<input type=\"hidden\" class=\"usp-hidden\" id=\"usp-max-images\" name=\"usp-max-images\" value=\"5\">\n\t\t<\/fieldset>\n\t\t\t\t\t\t\n\t\t<fieldset id=\"usp_verify\" style=\"display:none;\">\n\t\t\t<label for=\"user-submitted-verify\">Human verification: leave this field empty.<\/label>\n\t\t\t<input id=\"user-submitted-verify\" name=\"user-submitted-verify\" type=\"text\" value=\"\" data-parsley-excluded=\"true\">\n\t\t<\/fieldset>\n\t\t\n\t\t\t\t\n\t\t<div id=\"usp-submit\">\n\t\t\t\t\t\t\t\t\t\t\t\t\t\t\t\t\t\t\n\t\t\t<input type=\"submit\" class=\"usp-submit\" id=\"user-submitted-post\" name=\"user-submitted-post\" value=\"OBJAVITE OGLAS\">\n\t\t\t<input type=\"hidden\" id=\"usp-nonce\" name=\"usp-nonce\" value=\"978920c143\" \/>\t\t\t\n\t\t<\/div>\n\t\t\n\t<\/form>\n<\/div>\n<script>(function(){var e = document.getElementById('usp_verify'); if(e) e.parentNode.removeChild(e);})();<\/script>\n\n\n\n\n\n\n\n\n\n\n\n\n\n\n\n\n\n<!DOCTYPE html>\n<html lang=\"sr\">\n<head>\n    <meta charset=\"UTF-8\">\n    <meta name=\"viewport\" content=\"width=device-width, initial-scale=1.0\">\n    <meta name=\"description\" content=\"Postavite oglas \u2013 Aleksinac i obezbedite maksimalnu vidljivost za va\u0161 oglas. Va\u0161 oglas \u0107e biti prikazan na vi\u0161e popularnih oglasnih platformi i blogova u rekordnom vremenu.\">\n    <meta name=\"keywords\" content=\"Postavite oglas, Aleksinac, besplatni oglasi, lokalni oglasi, SEO optimizacija, ogla\u0161avanje, oglasi Aleksinac\">\n    <title>Postavite oglas \u2013 Aleksinac<\/title>\n    <style>\n        body {\n            font-family: Arial, sans-serif;\n            margin: 20px;\n            line-height: 1.6;\n            color: #333;\n        }\n        .button {\n            background-color: lightgray;\n            color: black;\n            padding: 15px 30px;\n            text-align: center;\n            text-decoration: none;\n            display: inline-block;\n            font-size: 16px;\n            margin: 10px 5px;\n            cursor: pointer;\n            border-radius: 4px;\n            text-transform: uppercase;\n            font-weight: bold;\n        }\n        .highlight {\n            background-color: yellow;\n            font-weight: bold;\n        }\n        .bold-text {\n            font-weight: bold;\n        }\n        .container {\n            max-width: 800px;\n            margin: auto;\n        }\n    <\/style>\n<\/head>\n<body>\n    <div class=\"container\">\n        <p class=\"bold-text\">\n            <span class=\"highlight\">\u010cestitamo na uspe\u0161nom postavljanju va\u0161eg oglasa za Aleksinac!<\/span> Va\u0161 oglas je sada u procesu obrade i bi\u0107e vidljiv u roku od 5 minuta do 2 \u010dasa. Na\u0161a platforma vam omogu\u0107ava da <strong>besplatno<\/strong> i efikasno promovi\u0161ete svoje proizvode, usluge ili ponude.\n        <\/p>\n        <p class=\"bold-text\">\n            Zahvaljuju\u0107i pa\u017eljivoj <strong>SEO optimizaciji<\/strong>, va\u0161 oglas \u0107e biti visoko rangiran na pretra\u017eiva\u010dima i lako dostupan ciljanoj publici. Ovo osigurava da dobijete maksimalnu vidljivost i uspeh.\n        <\/p>\n        <p class=\"bold-text\">\n            Postavljeni oglasi za Aleksinac bi\u0107e prikazani na slede\u0107im web mestima:\n        <\/p>\n        <div>\n            <a href=\"https:\/\/oglasi.mozellosite.com\/oglasi\/aleksinac\" class=\"button\" target=\"_blank\" rel=\"noopener\">OGLASI-OGLASI ALEKSINAC<\/a>\n            <a href=\"http:\/\/oglasi.42web.io\/oglasi-aleksinac\/\" class=\"button\" target=\"_blank\" rel=\"noopener\">OGLASI PO GRADOVIMA ALEKSINAC<\/a>\n            <a href=\"https:\/\/zutioglasi.blogspot.com\/p\/oglasi-aleksinac.html\" class=\"button\" target=\"_blank\" rel=\"noopener\">\u017dUTI OGLASI ALEKSINAC<\/a>\n            <a href=\"https:\/\/sites.google.com\/view\/objave\/aleksinac-oglasi\" class=\"button\" target=\"_blank\" rel=\"noopener\">OGLA\u0160AVANJE ALEKSINAC<\/a>\n            <a href=\"https:\/\/objave.weebly.com\/oglasialeksinac.html\" class=\"button\" target=\"_blank\" rel=\"noopener\">OBJAVE I OGLASI ALEKSINAC<\/a>\n        <\/div>\n        <p class=\"bold-text\">\n            <strong>Za\u0161to je va\u017eno postaviti oglas kod nas?<\/strong> Na\u0161a mre\u017ea popularnih oglasnih sajtova osigurava da va\u0161 oglas bude prikazan na vi\u0161e lokacija, \u0161to pove\u0107ava \u0161anse za uspeh. Pored toga, svaki oglas se optimizuje tako da se lako pronalazi na internetu.\n        <\/p>\n        <p class=\"bold-text\">\n            Postavite oglas \u2013 Aleksinac i u\u017eivajte u jednostavnom, brzom i pouzdanom procesu ogla\u0161avanja. Zahvaljuju\u0107i na\u0161oj platformi, va\u0161a ponuda \u0107e biti dostupna \u0161irokoj publici i privu\u0107i pa\u017enju potencijalnih klijenata. \n        <\/p>\n        <p class=\"bold-text\">\n            Hvala vam \u0161to koristite na\u0161u uslugu. Va\u0161 uspeh je na\u0161 prioritet!\n        <\/p>\n    <\/div>\n<\/body>\n<\/html>\n\n","protected":false},"excerpt":{"rendered":"<p>Postavite oglas \u2013 Aleksinac \u010cestitamo na uspe\u0161nom postavljanju va\u0161eg oglasa za Aleksinac! Va\u0161 oglas je sada u procesu obrade i&hellip;<\/p>\n","protected":false},"author":1,"featured_media":0,"parent":0,"menu_order":0,"comment_status":"closed","ping_status":"closed","template":"","meta":{"footnotes":""},"class_list":["post-51","page","type-page","status-publish","hentry"],"_links":{"self":[{"href":"https:\/\/oglasi.infooglasi.rs\/oglasi\/oglasialeksinac\/wp-json\/wp\/v2\/pages\/51","targetHints":{"allow":["GET"]}}],"collection":[{"href":"https:\/\/oglasi.infooglasi.rs\/oglasi\/oglasialeksinac\/wp-json\/wp\/v2\/pages"}],"about":[{"href":"https:\/\/oglasi.infooglasi.rs\/oglasi\/oglasialeksinac\/wp-json\/wp\/v2\/types\/page"}],"author":[{"embeddable":true,"href":"https:\/\/oglasi.infooglasi.rs\/oglasi\/oglasialeksinac\/wp-json\/wp\/v2\/users\/1"}],"replies":[{"embeddable":true,"href":"https:\/\/oglasi.infooglasi.rs\/oglasi\/oglasialeksinac\/wp-json\/wp\/v2\/comments?post=51"}],"version-history":[{"count":3,"href":"https:\/\/oglasi.infooglasi.rs\/oglasi\/oglasialeksinac\/wp-json\/wp\/v2\/pages\/51\/revisions"}],"predecessor-version":[{"id":373,"href":"https:\/\/oglasi.infooglasi.rs\/oglasi\/oglasialeksinac\/wp-json\/wp\/v2\/pages\/51\/revisions\/373"}],"wp:attachment":[{"href":"https:\/\/oglasi.infooglasi.rs\/oglasi\/oglasialeksinac\/wp-json\/wp\/v2\/media?parent=51"}],"curies":[{"name":"wp","href":"https:\/\/api.w.org\/{rel}","templated":true}]}}