{"id":4314,"date":"2024-09-15T14:12:08","date_gmt":"2024-09-15T12:12:08","guid":{"rendered":"https:\/\/oglasi.infooglasi.rs\/oglasi\/oglasinis\/?page_id=4314"},"modified":"2024-09-15T16:09:53","modified_gmt":"2024-09-15T14:09:53","slug":"oglasi-i-prilike-nis","status":"publish","type":"page","link":"https:\/\/oglasi.infooglasi.rs\/oglasi\/oglasinis\/oglasi-i-prilike-nis\/","title":{"rendered":"Oglasi i Prilike NI\u0160"},"content":{"rendered":"\n<p><strong>Oglasi i Prilike NI\u0160: Va\u0161a Prva Destinacija za Besplatno Postavljanje Oglasa<\/strong><\/p>\n\n\n\n<p><strong>Dobrodo\u0161li na Oglasi i Prilike NI\u0160<\/strong> \u2013 najbolji online prostor za besplatno postavljanje oglasa u NI\u0160U. Na\u0161a platforma vam omogu\u0107ava da brzo i lako prona\u0111ete ili postavite oglase u razli\u010ditim kategorijama, sve potpuno besplatno. Posetite nas na <a href=\"https:\/\/oglasi.infooglasi.rs\/oglasi\/oglasinis\/\">Oglasi i Prilike NI\u0160<\/a> i otkrijte sve mogu\u0107nosti koje vam pru\u017eamo.<\/p>\n\n\n\n<h3 class=\"wp-block-heading\"><strong>Za\u0161to Izabrati Oglasi i Prilike NI\u0160?<\/strong><\/h3>\n\n\n\n<p><strong>Oglasi i Prilike NI\u0160<\/strong> je savr\u0161eno re\u0161enje za sve va\u0161e potrebe ogla\u0161avanja. Da li ste u potrazi za novim poslovnim prilikama, nekretninama, automobilima ili jednostavno \u017eelite da prodate ne\u0161to \u0161to vam vi\u0161e nije potrebno? Na na\u0161em sajtu mo\u017eete prona\u0107i sve to i jo\u0161 mnogo vi\u0161e. <strong>Postavljanje oglasa je potpuno besplatno<\/strong>, a va\u0161i oglasi \u0107e odmah biti vidljivi na na\u0161oj naslovnoj stranici.<\/p>\n\n\n\n<h3 class=\"wp-block-heading\"><strong>Kategorije Oglasa na Oglasi i Prilike NI\u0160<\/strong><\/h3>\n\n\n\n<p>Na <strong>Oglasi i Prilike NI\u0160<\/strong> mo\u017eete postaviti oglase u razli\u010ditim kategorijama. Svaka kategorija je dizajnirana da vam omogu\u0107i lako i brzo pronala\u017eenje i postavljanje oglasa. Evo nekoliko primera:<\/p>\n\n\n\n<h4 class=\"wp-block-heading\"><strong>\u017denska Ode\u0107a<\/strong><\/h4>\n\n\n\n<p>U kategoriji <strong>\u017denska Ode\u0107a<\/strong> na <a href=\"https:\/\/oglasi.infooglasi.rs\/oglasi\/oglasinis\/category\/zenska-odeca\/\">Oglasi i Prilike NI\u0160<\/a>, mo\u017eete oglasiti sve vrste \u017eenskih odevnih predmeta. Bilo da tra\u017eite novu haljinu, kaput ili obu\u0107u, ovde \u0107ete prona\u0107i sve \u0161to vam je potrebno. <strong>Postavite oglas<\/strong> za prsluke, haljine, ko\u0161ulje, pantalone i jo\u0161 mnogo toga.<\/p>\n\n\n\n<h4 class=\"wp-block-heading\"><strong>Svetla i Osvetljenje<\/strong><\/h4>\n\n\n\n<p><strong>Svetla i Osvetljenje<\/strong> su klju\u010dne kategorije na <a href=\"https:\/\/oglasi.infooglasi.rs\/oglasi\/oglasinis\/category\/svetla-i-osvetljenje\/\">Oglasi i Prilike NI\u0160<\/a>. Oglasite sve vrste elektri\u010darskih usluga, kao i prodaju raznih tipova osvetljenja, uklju\u010duju\u0107i ba\u0161tenske lampe, dekorativnu rasvetu, LED svetla i jo\u0161 mnogo toga. <strong>Iskoristite ovu priliku<\/strong> da promovi\u0161ete svoje proizvode i usluge.<\/p>\n\n\n\n<h4 class=\"wp-block-heading\"><strong>Majka i Dete<\/strong><\/h4>\n\n\n\n<p>Na <strong>Oglasi i Prilike NI\u0160<\/strong>, kategorija <strong>Majka i Dete<\/strong> je idealna za sve koji \u017eele da kupe ili prodaju opremu za bebe i trudnice. Oglasite auto-sedi\u0161ta, de\u010dija vozila, krevece, igra\u010dke, ode\u0107u za bebe i mnoge druge proizvode. Posetite <a href=\"https:\/\/oglasi.infooglasi.rs\/oglasi\/oglasinis\/category\/majka-i-dete\/\">Oglasi i Prilike NI\u0160<\/a> i postavite oglas jo\u0161 danas.<\/p>\n\n\n\n<h4 class=\"wp-block-heading\"><strong>Poljoprivreda<\/strong><\/h4>\n\n\n\n<p>Ako se bavite poljoprivredom ili prodajom poljoprivrednih proizvoda, <strong>Oglasi i Prilike NI\u0160<\/strong> nudi savr\u0161enu kategoriju za vas. Na <a href=\"https:\/\/oglasi.infooglasi.rs\/oglasi\/oglasinis\/category\/poljoprivreda\/\">Oglasi i Prilike NI\u0160<\/a> mo\u017eete oglasiti prodaju alata i mehanizacije za poljoprivredu, cve\u0107a, \u017eivotinja, semena i jo\u0161 mnogo toga.<\/p>\n\n\n\n<h4 class=\"wp-block-heading\"><strong>Ku\u0107ni Aparati<\/strong><\/h4>\n\n\n\n<p>U kategoriji <strong>Ku\u0107ni Aparati<\/strong> na <a href=\"https:\/\/oglasi.infooglasi.rs\/oglasi\/oglasinis\/category\/kucni-aparati\/\">Oglasi i Prilike NI\u0160<\/a>, mo\u017eete oglasiti sve vrste ku\u0107nih aparata, uklju\u010duju\u0107i usisiva\u010de, aparate za kafu, mikser, fri\u017eidere i jo\u0161 mnogo toga. <strong>Postavite svoj oglas<\/strong> i privucite kupce.<\/p>\n\n\n\n<h3 class=\"wp-block-heading\"><strong>Kako Postaviti Oglas na Oglasi i Prilike NI\u0160<\/strong><\/h3>\n\n\n\n<p>Postavljanje oglasa na <strong>Oglasi i Prilike NI\u0160<\/strong> je jednostavno i brzo. Prvo, posetite na\u0161u <a href=\"https:\/\/oglasi.infooglasi.rs\/oglasi\/oglasinis\/\">stranicu<\/a> i izaberite kategoriju koja vam odgovara. Zatim, popunite sve potrebne informacije i postavite fotografije svog proizvoda ili usluge. Va\u0161 oglas \u0107e odmah biti vidljiv na naslovnoj stranici i dostupno svima u NI\u0160U.<\/p>\n\n\n\n<h3 class=\"wp-block-heading\"><strong>Zaklju\u010dak<\/strong><\/h3>\n\n\n\n<p><strong>Oglasi i Prilike NI\u0160<\/strong> je va\u0161 klju\u010d za uspe\u0161no ogla\u0161avanje u NI\u0160U. Bilo da prodajete, kupujete ili tra\u017eite usluge, na\u0161 sajt vam pru\u017ea sve \u0161to vam je potrebno. <strong>Postavite oglas potpuno besplatno<\/strong> i iskoristite sve prednosti koje na\u0161 portal nudi. Posetite nas na <a href=\"https:\/\/oglasi.infooglasi.rs\/oglasi\/oglasinis\/\">Oglasi i Prilike NI\u0160<\/a> i pridru\u017eite se zajednici zadovoljnih korisnika!<\/p>\n\n\n\n<hr class=\"wp-block-separator has-alpha-channel-opacity\"\/>\n\n\n\n<p><\/p>\n","protected":false},"excerpt":{"rendered":"<p>Oglasi i Prilike NI\u0160: Va\u0161a Prva Destinacija za Besplatno Postavljanje Oglasa Dobrodo\u0161li na Oglasi i Prilike NI\u0160 \u2013 najbolji online&hellip;<\/p>\n","protected":false},"author":1,"featured_media":0,"parent":0,"menu_order":0,"comment_status":"closed","ping_status":"closed","template":"","meta":{"footnotes":""},"class_list":["post-4314","page","type-page","status-publish","hentry"],"_links":{"self":[{"href":"https:\/\/oglasi.infooglasi.rs\/oglasi\/oglasinis\/wp-json\/wp\/v2\/pages\/4314","targetHints":{"allow":["GET"]}}],"collection":[{"href":"https:\/\/oglasi.infooglasi.rs\/oglasi\/oglasinis\/wp-json\/wp\/v2\/pages"}],"about":[{"href":"https:\/\/oglasi.infooglasi.rs\/oglasi\/oglasinis\/wp-json\/wp\/v2\/types\/page"}],"author":[{"embeddable":true,"href":"https:\/\/oglasi.infooglasi.rs\/oglasi\/oglasinis\/wp-json\/wp\/v2\/users\/1"}],"replies":[{"embeddable":true,"href":"https:\/\/oglasi.infooglasi.rs\/oglasi\/oglasinis\/wp-json\/wp\/v2\/comments?post=4314"}],"version-history":[{"count":2,"href":"https:\/\/oglasi.infooglasi.rs\/oglasi\/oglasinis\/wp-json\/wp\/v2\/pages\/4314\/revisions"}],"predecessor-version":[{"id":4479,"href":"https:\/\/oglasi.infooglasi.rs\/oglasi\/oglasinis\/wp-json\/wp\/v2\/pages\/4314\/revisions\/4479"}],"wp:attachment":[{"href":"https:\/\/oglasi.infooglasi.rs\/oglasi\/oglasinis\/wp-json\/wp\/v2\/media?parent=4314"}],"curies":[{"name":"wp","href":"https:\/\/api.w.org\/{rel}","templated":true}]}}