{"id":51,"date":"2023-10-07T19:45:38","date_gmt":"2023-10-07T19:45:38","guid":{"rendered":"https:\/\/oglasi.infooglasi.rs\/oglasi\/oglasialeksandrovac\/?page_id=51"},"modified":"2024-12-17T06:22:23","modified_gmt":"2024-12-17T05:22:23","slug":"postavite-oglas-raska","status":"publish","type":"page","link":"https:\/\/oglasi.infooglasi.rs\/oglasi\/oglasiraska\/postavite-oglas-raska\/","title":{"rendered":"POSTAVITE OGLAS &#8211; RA\u0160KA"},"content":{"rendered":"\n\n<!-- User Submitted Posts @ https:\/\/m0n.co\/usp -->\n\n<div id=\"user-submitted-posts\">\n\t\t\n\t<form id=\"usp_form\" method=\"post\" enctype=\"multipart\/form-data\" action=\"\">\n\t\t<div id=\"usp-error-message\" class=\"usp-callout-failure usp-hidden\">Please complete the required fields.<\/div>\n\t\t\t\t\n\t\t<fieldset class=\"usp-name\">\n\t\t\t<label for=\"user-submitted-name\">IME<\/label>\n\t\t\t<input id=\"user-submitted-name\" name=\"user-submitted-name\" type=\"text\" value=\"\" placeholder=\"Upi\u0161ite svoje ime\" data-required=\"true\" required class=\"usp-input\">\n\t\t<\/fieldset>\n\t\t\t\t\n\t\t<fieldset class=\"usp-email\">\n\t\t\t<label for=\"user-submitted-email\">MEJL<\/label>\n\t\t\t<input id=\"user-submitted-email\" name=\"user-submitted-email\" type=\"email\" data-parsley-type=\"email\" value=\"\" placeholder=\"Upi\u0161ite va\u0161 mejl\" data-required=\"true\" required class=\"usp-input\">\n\t\t<\/fieldset>\n\t\t\t\t\n\t\t<fieldset class=\"usp-title\">\n\t\t\t<label for=\"user-submitted-title\">NASLOV OGLASA<\/label>\n\t\t\t<input id=\"user-submitted-title\" name=\"user-submitted-title\" type=\"text\" value=\"\" placeholder=\"Upi\u0161ite naslov va\u0161eg oglasa\" data-required=\"true\" required class=\"usp-input\">\n\t\t<\/fieldset>\n\t\t\t\t\t\t\n\t\t<fieldset class=\"usp-tags\">\n\t\t\t<label for=\"user-submitted-tags\">KLJU\u010cNE RE\u010cI<\/label>\n\t\t\t<input id=\"user-submitted-tags\" name=\"user-submitted-tags\" type=\"text\" value=\"\" placeholder=\"Napi\u0161ite nekoliko klju\u010dnih re\u010di odvojenih zarezima\" data-required=\"true\" required class=\"usp-input\">\n\t\t<\/fieldset>\n\t\t\t\t\t\t\n\t\t<fieldset class=\"usp-captcha\">\n\t\t\t<label for=\"user-submitted-captcha\">(antispam pitanje) 9+12=<\/label>\n\t\t\t<input id=\"user-submitted-captcha\" name=\"user-submitted-captcha\" type=\"text\" value=\"\" placeholder=\"Brojevima upi\u0161ite ta\u010dan odgovor\" data-required=\"true\" required class=\"usp-input user-submitted-captcha\" data-parsley-excluded=\"true\">\n\t\t<\/fieldset>\n\t\t\t\t\n\t\t<fieldset class=\"usp-category\">\n\t\t\t<label for=\"user-submitted-category\">KATEGORIJA OGLASA<\/label>\n\t\t\t<select id=\"user-submitted-category\" data-required=\"true\" required class=\"usp-select\" name=\"user-submitted-category[]\">\n\t\t\t\t<option value=\"\" selected=\"true\" disabled>Izaberite kategoriju za va\u0161 oglas..<\/option>\n\t\t\t\t<option value=\"33\">ALATI I OPREMA<\/option><option value=\"34\">BELA TEHNIKA<\/option><option value=\"10\">DE\u010cIJA ODE\u0106A<\/option><option value=\"28\">DVORI\u0160TE I BA\u0160TA<\/option><option value=\"31\">ELEKTRONIKA<\/option><option value=\"30\">GRA\u0110EVINA<\/option><option value=\"29\">IGRA\u010cKE<\/option><option value=\"2\">IZDAVANJE NEKRETNINA<\/option><option value=\"35\">KNJIGE<\/option><option value=\"24\">KU\u0106NI APARATI<\/option><option value=\"25\">KU\u0106NI LJUBIMCI<\/option><option value=\"26\">MAJKA I DETE<\/option><option value=\"27\">MA\u0160INE<\/option><option value=\"23\">MODNI DETALJI<\/option><option value=\"8\">MU\u0160KA ODE\u0106A<\/option><option value=\"22\">MUZI\u010cKI INSTRUMENTI<\/option><option value=\"21\">NAKIT I SATOVI<\/option><option value=\"20\">NAME\u0160TAJ<\/option><option value=\"32\">OBU\u0106A<\/option><option value=\"19\">ODMOR I TURIZAM<\/option><option value=\"37\">OSTALO<\/option><option value=\"18\">POLJOPRIVREDA<\/option><option value=\"5\">POSAO<\/option><option value=\"7\">POZNANSTVA<\/option><option value=\"3\">PRODAJA NEKRETNINA<\/option><option value=\"17\">PROSLAVE I SLAVLJA<\/option><option value=\"16\">RA\u010cUNARI I KANCELARIJA<\/option><option value=\"36\">RU\u010cNI RADOVI<\/option><option value=\"15\">SPORT I REKREACIJA<\/option><option value=\"14\">SVETLA I OSVETLJENJE<\/option><option value=\"11\">TELEFONI I OPREMA<\/option><option value=\"6\">USLUGE<\/option><option value=\"4\">VOZILA<\/option><option value=\"12\">ZA AUTOMOBILE I MOTOCIKLE<\/option><option value=\"13\">ZDRAVLJE I LEPOTA<\/option><option value=\"9\">\u017dENSKA ODE\u0106A<\/option>\t\t\t<\/select>\n\t\t<\/fieldset>\n\t\t\t\t\n\t\t<fieldset class=\"usp-content\">\n\t\t\t\t\t\t\t\n\t\t\t<label for=\"user-submitted-content\">TEKST OGLASA I KONTAKT<\/label>\n\t\t\t<textarea id=\"user-submitted-content\" name=\"user-submitted-content\" rows=\"5\" placeholder=\"Upi\u0161ite tekst va\u0161eg oglasa i ne zaboravite da upi\u0161ete kontakt kako bi zaiteresovani mogli da vam se obrate.\" data-required=\"true\" required class=\"usp-textarea\"><\/textarea>\n\t\t\t\t\t\t\n\t\t<\/fieldset>\n\t\t\t\t\t\t\n\t\t<fieldset class=\"usp-images\">\n\t\t\t<label for=\"user-submitted-image\">U\u010cITAJTE SLIKE - MIN. 1. a MAX. 5 SLIKA<\/label>\n\t\t\t<div id=\"usp-upload-message\"><\/div>\n\t\t\t<div id=\"user-submitted-image\">\n\t\t\t\t\t\t\t\t\t\t\t\t\t\n\t\t\t\t<input name=\"user-submitted-image[]\" type=\"file\" size=\"25\" data-required=\"true\" required class=\"usp-input usp-clone\" accept=\"image\/*\">\n\t\t\t\t\t\t\t\t<a href=\"#\" id=\"usp_add-another\" class=\"usp-no-js\">Dodajte jo\u0161 jednu sliku<\/a>\t\t\t\t\t\t\t\n\t\t\t<\/div>\n\t\t\t<input type=\"hidden\" class=\"usp-hidden\" id=\"usp-min-images\" name=\"usp-min-images\" value=\"1\">\n\t\t\t<input type=\"hidden\" class=\"usp-hidden\" id=\"usp-max-images\" name=\"usp-max-images\" value=\"5\">\n\t\t<\/fieldset>\n\t\t\t\t\t\t\n\t\t<fieldset id=\"usp_verify\" style=\"display:none;\">\n\t\t\t<label for=\"user-submitted-verify\">Human verification: leave this field empty.<\/label>\n\t\t\t<input id=\"user-submitted-verify\" name=\"user-submitted-verify\" type=\"text\" value=\"\" data-parsley-excluded=\"true\">\n\t\t<\/fieldset>\n\t\t\n\t\t\t\t\n\t\t<div id=\"usp-submit\">\n\t\t\t\t\t\t\t\t\t\t\t\t\t\t\t\t\t\t\n\t\t\t<input type=\"submit\" class=\"usp-submit\" id=\"user-submitted-post\" name=\"user-submitted-post\" value=\"OBJAVITE OGLAS\">\n\t\t\t<input type=\"hidden\" id=\"usp-nonce\" name=\"usp-nonce\" value=\"350e82f133\" \/>\t\t\t\n\t\t<\/div>\n\t\t\n\t<\/form>\n<\/div>\n<script>(function(){var e = document.getElementById('usp_verify'); if(e) e.parentNode.removeChild(e);})();<\/script>\n\n\n\n\n\n\n\n\n\n\n\n\n\n\n\n\n\n<div style=\"font-family: Arial, sans-serif; line-height: 1.6; margin: 0; padding: 0; text-align: left;\">\n\n  <p><strong>Napomena:<\/strong> Iznad ovog teksta nalazi se obrazac za postavljanje oglasa. Kroz samo nekoliko minuta, svi zainteresovani, bilo da su pojedinci ili firme, mogu potpuno besplatno postaviti svoje oglase. Oglasi se mogu odnositi na proizvode, usluge ili bilo \u0161ta drugo \u0161to \u017eelite da ponudite ili reklamirate. <strong>Postavite Oglas \u2013 Ra\u0161ka<\/strong> omogu\u0107ava da dodate i fotografije kako biste dodatno privukli pa\u017enju potencijalnih kupaca.<\/p>\n\n  <p>Oglasi za mesto <strong>Ra\u0161ka<\/strong> su idealna prilika da pove\u0107ate vidljivost va\u0161ih proizvoda i usluga. Ogla\u0161avanje na ovom sajtu je u potpunosti besplatno, a va\u0161 oglas \u0107e odmah biti vidljiv na stranici <strong><a href=\"https:\/\/oglasi.infooglasi.rs\/oglasi\/oglasiraska\/\" style=\"color: black; font-weight: bold;\">Postavite Oglas \u2013 Ra\u0161ka<\/a><\/strong>. Pored toga, u roku od nekoliko sati, va\u0161 oglas \u0107e se pojaviti i na dodatnim web stranicama i blogovima koji su navedeni ispod.<\/p>\n\n  <p>Za\u0161to ogla\u0161avati upravo na ovom sajtu? Evo nekoliko razloga:<\/p>\n  <ul>\n    <li><strong>Besplatno ogla\u0161avanje<\/strong> za sve korisnike.<\/li>\n    <li><strong>Brza i laka<\/strong> procedura za postavljanje oglasa putem jednostavne forme iznad ovog teksta.<\/li>\n    <li>Oglasi su vidljivi odmah na glavnom sajtu, dok se na ostalim platformama prikazuju u roku od 5 minuta do 2 sata.<\/li>\n    <li>Ve\u0107a \u0161ansa da privu\u010dete pa\u017enju jer oglasi za <strong>Ra\u0161ka<\/strong> budu istaknuti na vi\u0161e platformi.<\/li>\n    <li>Mogu\u0107nost dodavanja fotografija za bolju prezentaciju.<\/li>\n    <li>Idealno za sve vrste oglasa \u2013 od prodaje proizvoda, ponude usluga, do reklamiranja doga\u0111aja.<\/li>\n  <\/ul>\n\n  <p>Va\u0161 oglas za <strong>Ra\u0161ka<\/strong> bi\u0107e prikazan na slede\u0107im web stranicama:<\/p>\n\n  <div style=\"text-align: center; margin-top: 20px; margin-bottom: 20px;\">\n    <a href=\"https:\/\/oglasi.infooglasi.rs\/oglasi\/oglasiraska\/\" style=\"display: inline-block; text-decoration: none; color: white; background-color: black; padding: 10px 15px; border-radius: 5px; font-weight: bold; margin: 5px; transition: transform 0.3s, background-color 0.3s;\" onmouseover=\"this.style.transform='scale(1.1)'; this.style.backgroundColor='#333';\" onmouseout=\"this.style.transform='scale(1)'; this.style.backgroundColor='black';\">OGLASI INFO RA\u0160KA<\/a>\n    <a href=\"https:\/\/oglasi.mozellosite.com\/oglasi\/raska\" style=\"display: inline-block; text-decoration: none; color: black; background-color: lightgray; padding: 10px 15px; border-radius: 5px; font-weight: bold; margin: 5px; transition: transform 0.3s, background-color 0.3s;\" onmouseover=\"this.style.transform=&#039;scale(1.1)&#039;; this.style.backgroundColor=&#039;#ccc&#039;;\" onmouseout=\"this.style.transform=&#039;scale(1)&#039;; this.style.backgroundColor=&#039;lightgray&#039;;\" target=\"_blank\" rel=\"noopener\">OGLASI-OGLASI RA\u0160KA<\/a>\n    <a href=\"http:\/\/oglasi.42web.io\/oglasi-raska\/\" style=\"display: inline-block; text-decoration: none; color: black; background-color: lightgray; padding: 10px 15px; border-radius: 5px; font-weight: bold; margin: 5px; transition: transform 0.3s, background-color 0.3s;\" onmouseover=\"this.style.transform=&#039;scale(1.1)&#039;; this.style.backgroundColor=&#039;#ccc&#039;;\" onmouseout=\"this.style.transform=&#039;scale(1)&#039;; this.style.backgroundColor=&#039;lightgray&#039;;\" target=\"_blank\" rel=\"noopener\">OGLASI PO GRADOVIMA RA\u0160KA<\/a>\n    <a href=\"https:\/\/zutioglasi.blogspot.com\/p\/oglasi-raska.html\" style=\"display: inline-block; text-decoration: none; color: black; background-color: lightgray; padding: 10px 15px; border-radius: 5px; font-weight: bold; margin: 5px; transition: transform 0.3s, background-color 0.3s;\" onmouseover=\"this.style.transform=&#039;scale(1.1)&#039;; this.style.backgroundColor=&#039;#ccc&#039;;\" onmouseout=\"this.style.transform=&#039;scale(1)&#039;; this.style.backgroundColor=&#039;lightgray&#039;;\" target=\"_blank\" rel=\"noopener\">\u017dUTI OGLASI RA\u0160KA<\/a>\n    <a href=\"https:\/\/sites.google.com\/view\/objave\/ra\u0161ka-oglasi\" style=\"display: inline-block; text-decoration: none; color: black; background-color: lightgray; padding: 10px 15px; border-radius: 5px; font-weight: bold; margin: 5px; transition: transform 0.3s, background-color 0.3s;\" onmouseover=\"this.style.transform=&#039;scale(1.1)&#039;; this.style.backgroundColor=&#039;#ccc&#039;;\" onmouseout=\"this.style.transform=&#039;scale(1)&#039;; this.style.backgroundColor=&#039;lightgray&#039;;\" target=\"_blank\" rel=\"noopener\">OGLA\u0160AVANJE RA\u0160KA<\/a>\n    <a href=\"https:\/\/objave.weebly.com\/oglasiraska.html\" style=\"display: inline-block; text-decoration: none; color: black; background-color: lightgray; padding: 10px 15px; border-radius: 5px; font-weight: bold; margin: 5px; transition: transform 0.3s, background-color 0.3s;\" onmouseover=\"this.style.transform=&#039;scale(1.1)&#039;; this.style.backgroundColor=&#039;#ccc&#039;;\" onmouseout=\"this.style.transform=&#039;scale(1)&#039;; this.style.backgroundColor=&#039;lightgray&#039;;\" target=\"_blank\" rel=\"noopener\">OBJAVE I OGLASI RA\u0160KA<\/a>\n  <\/div>\n\n  <p>Obrazac za postavljanje oglasa za mesto <strong>Ra\u0161ka<\/strong> nalazi se iznad ovog teksta. Nemojte \u010dekati! Iskoristite priliku da besplatno reklamirate va\u0161e proizvode i usluge. Uz <strong>Postavite Oglas \u2013 Ra\u0161ka<\/strong>, va\u0161 oglas \u0107e biti vidljiv velikom broju potencijalnih kupaca, \u0161to pove\u0107ava \u0161anse za uspeh va\u0161eg oglasa. Postavite oglas ve\u0107 danas i iskoristite prednosti koje nudi ovaj sajt!<\/p>\n\n<\/div>\n\n","protected":false},"excerpt":{"rendered":"<p>Napomena: Iznad ovog teksta nalazi se obrazac za postavljanje oglasa. Kroz samo nekoliko minuta, svi zainteresovani, bilo da su pojedinci&hellip;<\/p>\n","protected":false},"author":1,"featured_media":0,"parent":0,"menu_order":0,"comment_status":"closed","ping_status":"closed","template":"","meta":{"footnotes":""},"class_list":["post-51","page","type-page","status-publish","hentry"],"_links":{"self":[{"href":"https:\/\/oglasi.infooglasi.rs\/oglasi\/oglasiraska\/wp-json\/wp\/v2\/pages\/51","targetHints":{"allow":["GET"]}}],"collection":[{"href":"https:\/\/oglasi.infooglasi.rs\/oglasi\/oglasiraska\/wp-json\/wp\/v2\/pages"}],"about":[{"href":"https:\/\/oglasi.infooglasi.rs\/oglasi\/oglasiraska\/wp-json\/wp\/v2\/types\/page"}],"author":[{"embeddable":true,"href":"https:\/\/oglasi.infooglasi.rs\/oglasi\/oglasiraska\/wp-json\/wp\/v2\/users\/1"}],"replies":[{"embeddable":true,"href":"https:\/\/oglasi.infooglasi.rs\/oglasi\/oglasiraska\/wp-json\/wp\/v2\/comments?post=51"}],"version-history":[{"count":126,"href":"https:\/\/oglasi.infooglasi.rs\/oglasi\/oglasiraska\/wp-json\/wp\/v2\/pages\/51\/revisions"}],"predecessor-version":[{"id":5688,"href":"https:\/\/oglasi.infooglasi.rs\/oglasi\/oglasiraska\/wp-json\/wp\/v2\/pages\/51\/revisions\/5688"}],"wp:attachment":[{"href":"https:\/\/oglasi.infooglasi.rs\/oglasi\/oglasiraska\/wp-json\/wp\/v2\/media?parent=51"}],"curies":[{"name":"wp","href":"https:\/\/api.w.org\/{rel}","templated":true}]}}