{"id":3902,"date":"2024-12-18T10:45:23","date_gmt":"2024-12-18T10:45:23","guid":{"rendered":"https:\/\/oglasi.infooglasi.rs\/oglasi\/?page_id=3902"},"modified":"2024-12-18T18:23:48","modified_gmt":"2024-12-18T18:23:48","slug":"kragujevac-stanovo-oglasi","status":"publish","type":"page","link":"https:\/\/oglasi.infooglasi.rs\/oglasi\/kragujevac-stanovo-oglasi\/","title":{"rendered":"KRAGUJEVAC \u2013 STANOVO OGLASI"},"content":{"rendered":"\n<!DOCTYPE html>\n<html lang=\"sr\">\n<head>\n    <meta charset=\"UTF-8\">\n    <meta name=\"viewport\" content=\"width=device-width, initial-scale=1.0\">\n    <title>KRAGUJEVAC (NASELJE STANOVO) OGLASI<\/title>\n<\/head>\n<body>\n\n    <div class=\"content\">\n\n        <!-- Meni sa sidrenim dugmadi -->\n        <div class=\"menu\">\n            <a href=\"#oglas-mesto\">KRAGUJEVAC (NASELJE STANOVO) MESTO ZA VA\u0160E OGLASE<\/a>\n            <a href=\"#oglasi-24h\">OGLASI U KRAGUJEVCU (NASELJE STANOVO) DOSTUPNI 24 SATA<\/a>\n            <a href=\"#lokalni-biznisi\">LOKALNI BIZNISI SE OGLA\u0160AVAJU U KRAGUJEVCU (NASELJE STANOVO)<\/a>\n            <a href=\"#oglasi-besplatno\">KRAGUJEVAC (NASELJE STANOVO) OGLASI BESPLATNO<\/a>\n            <a href=\"#postavite-oglas\">POSTAVITE BESPLATAN OGLAS IZ KRAGUJEVCA (NASELJE STANOVO)<\/a>\n        <\/div>\n\n        <!-- Centralno dugme za oglase -->\n        <div style=\"text-align: center; margin: 30px;\">\n            <a href=\"https:\/\/oglasi.infooglasi.rs\/oglasi\/oglasikragujevacstanovo\/\" style=\"background-color: yellow; color: black; font-size: 20px; font-weight: bold; padding: 15px 30px; text-decoration: none; border-radius: 10px; transition: background-color 0.3s;\">\n                OGLASI KRAGUJEVAC (NASELJE STANOVO) INFOOGLASI.RS\n            <\/a>\n            <p>Klikom na ovo dugme mo\u017eete pregledati oglase i postaviti svoj oglas za ogla\u0161avanje u Kragujevcu (Naselje Stanovo).<\/p>\n        <\/div>\n\n        <!-- Odseci sa podnaslovima -->\n        <section id=\"oglas-mesto\">\n            <h2>KRAGUJEVAC (NASELJE STANOVO) MESTO ZA VA\u0160E OGLASE<\/h2>\n            <p>U Kragujevcu (Naselje Stanovo) postoji besplatan online prostor gde svi gra\u0111ani mogu postaviti svoje oglase. Bilo da \u017eelite da kupite, prodate ili zamenite ne\u0161to, na\u0161 sajt je pravo mesto za vas. Svi oglasi su besplatni i lako ih mo\u017eete postaviti putem jednostavnog formulara. Oglasi mogu biti vezani za bilo koji aspekt \u017eivota u ovom naselju, od prodaje name\u0161taja do ogla\u0161avanja usluga.<\/p>\n            <figure>\n                <img decoding=\"async\" src=\"https:\/\/imgur.com\/oDw5emH.jpg\" alt=\"Oglasi Kragujevac\" style=\"width: 100%; max-width: 100%; height: auto;\">\n                <figcaption>Besplatan oglas u Kragujevcu (Naselje Stanovo)<\/figcaption>\n            <\/figure>\n        <\/section>\n\n        <section id=\"oglasi-24h\">\n            <h2>OGLASI U KRAGUJEVCU (NASELJE STANOVO) DOSTUPNI 24 SATA<\/h2>\n            <p>Na na\u0161em sajtu mo\u017eete postaviti oglase koji su dostupni 24 sata dnevno. Bez obzira na vreme, va\u0161i oglasi \u0107e biti dostupni svim posetiocima sajta. To zna\u010di da u bilo kom trenutku mo\u017eete pregledati aktuelne ponude, kao i postaviti svoj oglas koji \u0107e odmah biti vidljiv svim zainteresovanim korisnicima.<\/p>\n            <figure>\n                <img decoding=\"async\" src=\"https:\/\/imgur.com\/EyEkF9M.jpg\" alt=\"Oglasi dostupni 24h\" style=\"width: 100%; max-width: 100%; height: auto;\">\n                <figcaption>Oglasi dostupni 24 sata na sajtu<\/figcaption>\n            <\/figure>\n        <\/section>\n\n        <section id=\"lokalni-biznisi\">\n            <h2>LOKALNI BIZNISI SE OGLA\u0160AVAJU U KRAGUJEVCU (NASELJE STANOVO)<\/h2>\n            <p>Na na\u0161em sajtu mo\u017eete prona\u0107i i oglase lokalnih biznisa koji se ogla\u0161avaju u Kragujevcu (Naselje Stanovo). Bilo da se radi o malim radnjama, firmama ili preduzetnicima, na\u0161 sajt je odli\u010dna platforma za promociju. Pomo\u0107u besplatnog ogla\u0161avanja, lokalni biznisi mogu privu\u0107i nove klijente i pobolj\u0161ati svoje poslovanje.<\/p>\n            <figure>\n                <img decoding=\"async\" src=\"https:\/\/imgur.com\/47mPQSi.jpg\" alt=\"Lokalni biznisi\" style=\"width: 100%; max-width: 100%; height: auto;\">\n                <figcaption>Oglasi lokalnih biznisa u Kragujevcu<\/figcaption>\n            <\/figure>\n        <\/section>\n\n        <section id=\"oglasi-besplatno\">\n            <h2>KRAGUJEVAC (NASELJE STANOVO) OGLASI BESPLATNO<\/h2>\n            <p>Na na\u0161em sajtu mo\u017eete besplatno postaviti bilo koji oglas. Oglasi u Kragujevcu (Naselje Stanovo) su potpuno besplatni i mo\u017eete ih postaviti bez ikakvih skrivenih tro\u0161kova. Na\u0161a platforma omogu\u0107ava svima da se ogla\u0161avaju, bez obzira na vrstu oglasa, od nekretnina do razli\u010ditih proizvoda i usluga.<\/p>\n            <figure>\n                <img decoding=\"async\" src=\"https:\/\/imgur.com\/JRxoF85.jpg\" alt=\"Besplatni oglasi\" style=\"width: 100%; max-width: 100%; height: auto;\">\n                <figcaption>Besplatno ogla\u0161avanje u Kragujevcu (Naselje Stanovo)<\/figcaption>\n            <\/figure>\n        <\/section>\n\n        <section id=\"postavite-oglas\">\n            <h2>POSTAVITE BESPLATAN OGLAS IZ KRAGUJEVCA (NASELJE STANOVO)<\/h2>\n            <p>Postavite besplatan oglas na na\u0161 sajt i postanite deo zajednice Kragujevca (Naselje Stanovo). Na sajtu mo\u017eete postaviti oglase u razli\u010ditim kategorijama kao \u0161to su gra\u0111evinski materijali, name\u0161taj, bela tehnika, knjige, alati i oprema i mnoge druge. Uputstvo za postavljanje oglasa je jednostavno i brzo, a svi oglasi \u0107e biti vidljivi odmah.<\/p>\n            <figure>\n                <img decoding=\"async\" src=\"https:\/\/imgur.com\/Do7eEM4.jpg\" alt=\"Postavite oglas\" style=\"width: 100%; max-width: 100%; height: auto;\">\n                <figcaption>Postavite svoj besplatan oglas<\/figcaption>\n            <\/figure>\n        <\/section>\n\n        <section>\n            <h2>Oglasi u razli\u010ditim kategorijama<\/h2>\n            <ul>\n                <li><a href=\"https:\/\/oglasi.infooglasi.rs\/oglasi\/oglasikragujevacstanovo\/category\/gradevina\/\">Gra\u0111evina<\/a> &#8211; Oglasi vezani za gradnju, arhitekturu i gra\u0111evinske materijale.<\/li>\n                <li><a href=\"https:\/\/oglasi.infooglasi.rs\/oglasi\/oglasikragujevacstanovo\/category\/namestaj\/\">Name\u0161taj<\/a> &#8211; Oglasi za prodaju name\u0161taja za sve vrste prostora.<\/li>\n                <li><a href=\"https:\/\/oglasi.infooglasi.rs\/oglasi\/oglasikragujevacstanovo\/category\/bela-tehnika\/\">Bela tehnika<\/a> &#8211; Oglasi za prodaju ure\u0111aja poput fri\u017eidera, ma\u0161ina za pranje ve\u0161a i sl.<\/li>\n                <li><a href=\"https:\/\/oglasi.infooglasi.rs\/oglasi\/oglasikragujevacstanovo\/category\/knjige\/\">Knjige<\/a> &#8211; Oglasi za prodaju knjiga i \u0161kolskog pribora.<\/li>\n                <li><a href=\"https:\/\/oglasi.infooglasi.rs\/oglasi\/oglasikragujevacstanovo\/category\/alati-i-oprema\/\">Alati i oprema<\/a> &#8211; Oglasi za prodaju razli\u010ditih alata i opreme za razne namene.<\/li>\n            <\/ul>\n        <\/section>\n\n    <\/div>\n\n<\/body>\n<\/html>\n\n","protected":false},"excerpt":{"rendered":"<p>KRAGUJEVAC (NASELJE STANOVO) OGLASI KRAGUJEVAC (NASELJE STANOVO) MESTO ZA VA\u0160E OGLASE OGLASI U KRAGUJEVCU (NASELJE STANOVO) DOSTUPNI 24 SATA LOKALNI&hellip;<\/p>\n","protected":false},"author":1,"featured_media":0,"parent":0,"menu_order":0,"comment_status":"closed","ping_status":"closed","template":"","meta":{"footnotes":""},"class_list":["post-3902","page","type-page","status-publish","hentry"],"_links":{"self":[{"href":"https:\/\/oglasi.infooglasi.rs\/oglasi\/wp-json\/wp\/v2\/pages\/3902","targetHints":{"allow":["GET"]}}],"collection":[{"href":"https:\/\/oglasi.infooglasi.rs\/oglasi\/wp-json\/wp\/v2\/pages"}],"about":[{"href":"https:\/\/oglasi.infooglasi.rs\/oglasi\/wp-json\/wp\/v2\/types\/page"}],"author":[{"embeddable":true,"href":"https:\/\/oglasi.infooglasi.rs\/oglasi\/wp-json\/wp\/v2\/users\/1"}],"replies":[{"embeddable":true,"href":"https:\/\/oglasi.infooglasi.rs\/oglasi\/wp-json\/wp\/v2\/comments?post=3902"}],"version-history":[{"count":0,"href":"https:\/\/oglasi.infooglasi.rs\/oglasi\/wp-json\/wp\/v2\/pages\/3902\/revisions"}],"wp:attachment":[{"href":"https:\/\/oglasi.infooglasi.rs\/oglasi\/wp-json\/wp\/v2\/media?parent=3902"}],"curies":[{"name":"wp","href":"https:\/\/api.w.org\/{rel}","templated":true}]}}